[INFO] cloning repository https://github.com/nkypy/hello-word
[INFO] running `Command { std: "git" "-c" "credential.helper=" "-c" "credential.helper=/workspace/cargo-home/bin/git-credential-null" "clone" "--bare" "https://github.com/nkypy/hello-word" "/workspace/cache/git-repos/https%3A%2F%2Fgithub.com%2Fnkypy%2Fhello-word", kill_on_drop: false }`
[INFO] [stderr] Cloning into bare repository '/workspace/cache/git-repos/https%3A%2F%2Fgithub.com%2Fnkypy%2Fhello-word'...
[INFO] running `Command { std: "git" "rev-parse" "HEAD", kill_on_drop: false }`
[INFO] [stdout] 570542ab71b435a2fbd45b0288a73c29fc8f7528
[INFO] checking nkypy/hello-word against master#cfbc6d4cf1acbac5c025acf8ed68929caa551df3 for pr-75494-beta
[INFO] running `Command { std: "git" "clone" "/workspace/cache/git-repos/https%3A%2F%2Fgithub.com%2Fnkypy%2Fhello-word" "/workspace/builds/worker-1/source", kill_on_drop: false }`
[INFO] [stderr] Cloning into '/workspace/builds/worker-1/source'...
[INFO] [stderr] done.
[INFO] validating manifest of git repo https://github.com/nkypy/hello-word on toolchain cfbc6d4cf1acbac5c025acf8ed68929caa551df3
[INFO] running `Command { std: "/workspace/cargo-home/bin/cargo" "+cfbc6d4cf1acbac5c025acf8ed68929caa551df3" "read-manifest" "--manifest-path" "Cargo.toml", kill_on_drop: false }`
[INFO] started tweaking git repo https://github.com/nkypy/hello-word
[INFO] removed workspace from git repo https://github.com/nkypy/hello-word
[INFO] removed path dependency carrier from git repo https://github.com/nkypy/hello-word
[INFO] finished tweaking git repo https://github.com/nkypy/hello-word
[INFO] tweaked toml for git repo https://github.com/nkypy/hello-word written to /workspace/builds/worker-1/source/Cargo.toml
[INFO] running `Command { std: "/workspace/cargo-home/bin/cargo" "+cfbc6d4cf1acbac5c025acf8ed68929caa551df3" "generate-lockfile" "--manifest-path" "Cargo.toml" "-Zno-index-update", kill_on_drop: false }`
[INFO] running `Command { std: "/workspace/cargo-home/bin/cargo" "+cfbc6d4cf1acbac5c025acf8ed68929caa551df3" "fetch" "--locked" "--manifest-path" "Cargo.toml", kill_on_drop: false }`
[INFO] [stderr]  Downloading crates ...
[INFO] [stderr]   Downloaded zeroize_derive v1.0.0
[INFO] [stderr]   Downloaded ed25519 v1.0.1
[INFO] [stderr]   Downloaded which v2.0.1
[INFO] [stderr]   Downloaded crossbeam-channel v0.4.3
[INFO] [stderr]   Downloaded vec_map v0.8.2
[INFO] [stderr]   Downloaded curve25519-dalek v3.0.0
[INFO] [stderr]   Downloaded bs58 v0.2.5
[INFO] [stderr]   Downloaded fixedbitset v0.1.9
[INFO] [stderr]   Downloaded prost-types v0.5.0
[INFO] [stderr]   Downloaded nix v0.15.0
[INFO] [stderr]   Downloaded env_logger v0.6.2
[INFO] [stderr]   Downloaded clear_on_drop v0.2.4
[INFO] [stderr]   Downloaded curve25519-dalek v1.2.4
[INFO] [stderr]   Downloaded multimap v0.4.0
[INFO] [stderr]   Downloaded lazycell v1.3.0
[INFO] [stderr]   Downloaded x25519-dalek v0.5.2
[INFO] [stderr]   Downloaded failure_derive v0.1.8
[INFO] [stderr]   Downloaded prost-derive v0.5.0
[INFO] [stderr]   Downloaded ed25519-dalek v1.0.0
[INFO] [stderr]   Downloaded petgraph v0.4.13
[INFO] [stderr]   Downloaded backtrace v0.3.50
[INFO] [stderr]   Downloaded synstructure v0.12.4
[INFO] [stderr]   Downloaded static_slice v0.0.3
[INFO] [stderr]   Downloaded failure v0.1.8
[INFO] [stderr]   Downloaded prost v0.5.0
[INFO] [stderr]   Downloaded snow v0.5.2
[INFO] [stderr]   Downloaded object v0.20.0
[INFO] [stderr]   Downloaded signature v1.2.2
[INFO] [stderr]   Downloaded hpack v0.3.0
[INFO] [stderr]   Downloaded addr2line v0.13.0
[INFO] [stderr]   Downloaded crc8 v0.1.1
[INFO] [stderr]   Downloaded wait-timeout v0.2.0
[INFO] [stderr]   Downloaded toml v0.5.6
[INFO] [stderr]   Downloaded miniz_oxide v0.4.1
[INFO] [stderr]   Downloaded pbr v1.0.3
[INFO] [stderr]   Downloaded osaka-macros v0.2.10
[INFO] [stderr]   Downloaded gimli v0.22.0
[INFO] [stderr]   Downloaded osaka v0.2.10
[INFO] [stderr]   Downloaded tinylogger v0.1.1
[INFO] [stderr]   Downloaded gcmap v0.1.4
[INFO] [stderr]   Downloaded mtdparts v0.2.0
[INFO] [stderr]   Downloaded osaka-dns v0.2.11
[INFO] [stderr]   Downloaded hacl-star v0.0.14
[INFO] [stderr]   Downloaded axon v0.2.1
[INFO] [stderr]   Downloaded hacl-star-sys v0.0.7
[INFO] [stderr]   Downloaded carrier v0.12.2
[INFO] [stderr]   Downloaded prost-build v0.5.0
[INFO] running `Command { std: "docker" "create" "-v" "/var/lib/crater-agent-workspace/builds/worker-1/target:/opt/rustwide/target:rw,Z" "-v" "/var/lib/crater-agent-workspace/builds/worker-1/source:/opt/rustwide/workdir:ro,Z" "-v" "/var/lib/crater-agent-workspace/cargo-home:/opt/rustwide/cargo-home:ro,Z" "-v" "/var/lib/crater-agent-workspace/rustup-home:/opt/rustwide/rustup-home:ro,Z" "-e" "SOURCE_DIR=/opt/rustwide/workdir" "-e" "CARGO_TARGET_DIR=/opt/rustwide/target" "-e" "CARGO_HOME=/opt/rustwide/cargo-home" "-e" "RUSTUP_HOME=/opt/rustwide/rustup-home" "-w" "/opt/rustwide/workdir" "-m" "1610612736" "--user" "0:0" "--network" "none" "rustops/crates-build-env@sha256:a636fd89d022f18117e1dc8fb37a0a009933cdbbe082814857f0e2024962d47c" "/opt/rustwide/cargo-home/bin/cargo" "+cfbc6d4cf1acbac5c025acf8ed68929caa551df3" "metadata" "--no-deps" "--format-version=1", kill_on_drop: false }`
[INFO] [stderr] WARNING: Your kernel does not support swap limit capabilities or the cgroup is not mounted. Memory limited without swap.
[INFO] [stdout] 3f179ed9384a3719f2294d5283eeb23959f56fa54a0c3eab45e36e4336738522
[INFO] running `Command { std: "docker" "start" "-a" "3f179ed9384a3719f2294d5283eeb23959f56fa54a0c3eab45e36e4336738522", kill_on_drop: false }`
[INFO] running `Command { std: "docker" "inspect" "3f179ed9384a3719f2294d5283eeb23959f56fa54a0c3eab45e36e4336738522", kill_on_drop: false }`
[INFO] running `Command { std: "docker" "rm" "-f" "3f179ed9384a3719f2294d5283eeb23959f56fa54a0c3eab45e36e4336738522", kill_on_drop: false }`
[INFO] [stdout] 3f179ed9384a3719f2294d5283eeb23959f56fa54a0c3eab45e36e4336738522
[INFO] running `Command { std: "docker" "create" "-v" "/var/lib/crater-agent-workspace/builds/worker-1/target:/opt/rustwide/target:rw,Z" "-v" "/var/lib/crater-agent-workspace/builds/worker-1/source:/opt/rustwide/workdir:ro,Z" "-v" "/var/lib/crater-agent-workspace/cargo-home:/opt/rustwide/cargo-home:ro,Z" "-v" "/var/lib/crater-agent-workspace/rustup-home:/opt/rustwide/rustup-home:ro,Z" "-e" "SOURCE_DIR=/opt/rustwide/workdir" "-e" "CARGO_TARGET_DIR=/opt/rustwide/target" "-e" "CARGO_INCREMENTAL=0" "-e" "RUST_BACKTRACE=full" "-e" "RUSTFLAGS=--cap-lints=forbid" "-e" "CARGO_HOME=/opt/rustwide/cargo-home" "-e" "RUSTUP_HOME=/opt/rustwide/rustup-home" "-w" "/opt/rustwide/workdir" "-m" "1610612736" "--user" "0:0" "--network" "none" "rustops/crates-build-env@sha256:a636fd89d022f18117e1dc8fb37a0a009933cdbbe082814857f0e2024962d47c" "/opt/rustwide/cargo-home/bin/cargo" "+cfbc6d4cf1acbac5c025acf8ed68929caa551df3" "check" "--frozen" "--all" "--all-targets" "--message-format=json", kill_on_drop: false }`
[INFO] [stdout] 10b944c45e813c31027b08f2fde74c273e9a45a85740bbbbfcc9cddcfc947b95
[INFO] [stderr] WARNING: Your kernel does not support swap limit capabilities or the cgroup is not mounted. Memory limited without swap.
[INFO] running `Command { std: "docker" "start" "-a" "10b944c45e813c31027b08f2fde74c273e9a45a85740bbbbfcc9cddcfc947b95", kill_on_drop: false }`
[INFO] [stderr]    Compiling syn v1.0.39
[INFO] [stderr]    Compiling rand_core v0.4.2
[INFO] [stderr]    Compiling proc-macro2 v0.4.30
[INFO] [stderr]    Compiling unicode-xid v0.1.0
[INFO] [stderr]    Compiling syn v0.15.44
[INFO] [stderr]    Compiling either v1.6.0
[INFO] [stderr]    Compiling ppv-lite86 v0.2.9
[INFO] [stderr]     Checking slab v0.4.2
[INFO] [stderr]    Compiling autocfg v1.0.1
[INFO] [stderr]     Checking subtle v2.2.3
[INFO] [stderr]    Compiling fixedbitset v0.1.9
[INFO] [stderr]    Compiling serde v1.0.115
[INFO] [stderr]    Compiling unicode-width v0.1.8
[INFO] [stderr]    Compiling remove_dir_all v0.5.3
[INFO] [stderr]    Compiling nix v0.15.0
[INFO] [stderr]     Checking quick-error v1.2.3
[INFO] [stderr]     Checking byte-tools v0.3.1
[INFO] [stderr]    Compiling multimap v0.4.0
[INFO] [stderr]    Compiling vec_map v0.8.2
[INFO] [stderr]     Checking lazycell v1.3.0
[INFO] [stderr]     Checking void v1.0.2
[INFO] [stderr]    Compiling serde_derive v1.0.115
[INFO] [stderr]     Checking termcolor v1.1.0
[INFO] [stderr]     Checking opaque-debug v0.2.3
[INFO] [stderr]     Checking fake-simd v0.1.2
[INFO] [stderr]     Checking static_slice v0.0.3
[INFO] [stderr]     Checking gcmap v0.1.4
[INFO] [stderr]     Checking bs58 v0.2.5
[INFO] [stderr]     Checking crc8 v0.1.1
[INFO] [stderr]     Checking mtdparts v0.2.0
[INFO] [stderr]    Compiling miniz_oxide v0.4.1
[INFO] [stderr]     Checking rand_core v0.3.1
[INFO] [stderr]    Compiling clear_on_drop v0.2.4
[INFO] [stderr]    Compiling hacl-star-sys v0.0.7
[INFO] [stderr]    Compiling generic-array v0.14.4
[INFO] [stderr]    Compiling semver v0.9.0
[INFO] [stderr]     Checking thread_local v1.0.1
[INFO] [stderr]    Compiling itertools v0.8.2
[INFO] [stderr]    Compiling textwrap v0.11.0
[INFO] [stderr]    Compiling petgraph v0.4.13
[INFO] [stderr]    Compiling rand_jitter v0.1.4
[INFO] [stderr]     Checking block-padding v0.1.5
[INFO] [stderr]     Checking humantime v1.3.0
[INFO] [stderr]    Compiling byteorder v1.3.4
[INFO] [stderr]    Compiling typenum v1.12.0
[INFO] [stderr]     Checking log v0.4.11
[INFO] [stderr]    Compiling bitflags v1.2.1
[INFO] [stderr]     Checking rand_xorshift v0.1.1
[INFO] [stderr]     Checking rand_isaac v0.1.1
[INFO] [stderr]     Checking rand_hc v0.1.0
[INFO] [stderr]    Compiling crossbeam-utils v0.7.2
[INFO] [stderr]     Checking getrandom v0.1.14
[INFO] [stderr]     Checking net2 v0.2.34
[INFO] [stderr]     Checking atty v0.2.14
[INFO] [stderr]     Checking rand_os v0.1.3
[INFO] [stderr]     Checking wait-timeout v0.2.0
[INFO] [stderr]     Checking dirs v1.0.5
[INFO] [stderr]    Compiling iovec v0.1.4
[INFO] [stderr]     Checking generic-array v0.12.3
[INFO] [stderr]    Compiling rand_chacha v0.1.1
[INFO] [stderr]    Compiling rand_pcg v0.1.2
[INFO] [stderr]    Compiling rustc_version v0.2.3
[INFO] [stderr]     Checking smallvec v0.6.13
[INFO] [stderr]     Checking backtrace v0.3.50
[INFO] [stderr]     Checking bytes v0.4.12
[INFO] [stderr]     Checking log v0.3.9
[INFO] [stderr]     Checking tinylogger v0.1.1
[INFO] [stderr]     Checking env_logger v0.6.2
[INFO] [stderr]     Checking clap v2.33.3
[INFO] [stderr]     Checking rand_core v0.5.1
[INFO] [stderr]     Checking mio v0.6.22
[INFO] [stderr]     Checking regex v1.3.9
[INFO] [stderr]    Compiling rand v0.6.5
[INFO] [stderr]     Checking digest v0.8.1
[INFO] [stderr]     Checking block-buffer v0.7.3
[INFO] [stderr]     Checking hpack v0.3.0
[INFO] [stderr]    Compiling snow v0.5.2
[INFO] [stderr]    Compiling quote v0.6.13
[INFO] [stderr]     Checking rand_chacha v0.2.2
[INFO] [stderr]     Checking digest v0.9.0
[INFO] [stderr]     Checking block-buffer v0.9.0
[INFO] [stderr]     Checking sha2 v0.8.2
[INFO] [stderr]     Checking crossbeam-channel v0.4.3
[INFO] [stderr]     Checking mio-extras v2.0.6
[INFO] [stderr]     Checking hacl-star v0.0.14
[INFO] [stderr]     Checking sha2 v0.9.1
[INFO] [stderr]     Checking rand v0.7.3
[INFO] [stderr]    Compiling curve25519-dalek v1.2.4
[INFO] [stderr]     Checking env_logger v0.7.1
[INFO] [stderr]     Checking pbr v1.0.3
[INFO] [stderr]     Checking tempfile v3.1.0
[INFO] [stderr]    Compiling synstructure v0.12.4
[INFO] [stderr]     Checking x25519-dalek v0.5.2
[INFO] [stderr]    Compiling failure_derive v0.1.8
[INFO] [stderr]    Compiling zeroize_derive v1.0.0
[INFO] [stderr]     Checking toml v0.5.6
[INFO] [stderr]     Checking zeroize v1.1.0
[INFO] [stderr]     Checking curve25519-dalek v3.0.0
[INFO] [stderr]    Compiling failure v0.1.8
[INFO] [stderr]     Checking which v2.0.1
[INFO] [stderr]     Checking ed25519-dalek v1.0.0
[INFO] [stderr]    Compiling prost-build v0.5.0
[INFO] [stderr]    Compiling prost-derive v0.5.0
[INFO] [stderr]    Compiling osaka-macros v0.2.10
[INFO] [stderr]     Checking osaka v0.2.10
[INFO] [stdout] error[E0557]: feature has been removed
[INFO] [stdout]  --> /opt/rustwide/cargo-home/registry/src/github.com-1ecc6299db9ec823/osaka-0.2.10/src/lib.rs:2:12
[INFO] [stdout]   |
[INFO] [stdout] 2 | #![feature(custom_attribute)]
[INFO] [stdout]   |            ^^^^^^^^^^^^^^^^ feature has been removed
[INFO] [stdout]   |
[INFO] [stdout]   = note: removed in favor of `#![register_tool]` and `#![register_attr]`
[INFO] [stdout] 
[INFO] [stdout] 
[INFO] [stdout] error[E0554]: `#![feature]` may not be used on the beta release channel
[INFO] [stdout]  --> /opt/rustwide/cargo-home/registry/src/github.com-1ecc6299db9ec823/osaka-0.2.10/src/lib.rs:1:1
[INFO] [stdout]   |
[INFO] [stdout] 1 | #![feature(generators, generator_trait)]
[INFO] [stdout]   | ^^^^^^^^^^^^^^^^^^^^^^^^^^^^^^^^^^^^^^^^
[INFO] [stdout] 
[INFO] [stdout] 
[INFO] [stdout] error[E0554]: `#![feature]` may not be used on the beta release channel
[INFO] [stdout]  --> /opt/rustwide/cargo-home/registry/src/github.com-1ecc6299db9ec823/osaka-0.2.10/src/lib.rs:2:1
[INFO] [stdout]   |
[INFO] [stdout] 2 | #![feature(custom_attribute)]
[INFO] [stdout]   | ^^^^^^^^^^^^^^^^^^^^^^^^^^^^^
[INFO] [stdout] 
[INFO] [stdout] 
[INFO] [stdout] error[E0554]: `#![feature]` may not be used on the beta release channel
[INFO] [stdout]  --> /opt/rustwide/cargo-home/registry/src/github.com-1ecc6299db9ec823/osaka-0.2.10/src/lib.rs:3:1
[INFO] [stdout]   |
[INFO] [stdout] 3 | #![feature(termination_trait_lib)]
[INFO] [stdout]   | ^^^^^^^^^^^^^^^^^^^^^^^^^^^^^^^^^^
[INFO] [stdout] 
[INFO] [stdout] 
[INFO] [stdout] error[E0061]: this function takes 1 argument but 0 arguments were supplied
[INFO] [stdout]    --> /opt/rustwide/cargo-home/registry/src/github.com-1ecc6299db9ec823/osaka-0.2.10/src/lib.rs:125:30
[INFO] [stdout]     |
[INFO] [stdout] 125 |         match Pin::new(self).resume() {
[INFO] [stdout]     |                              ^^^^^^- supplied 0 arguments
[INFO] [stdout]     |
[INFO] [stdout] help: expected the unit value `()`; create it with empty parentheses
[INFO] [stdout]     |
[INFO] [stdout] 125 |         match Pin::new(self).resume(()) {
[INFO] [stdout]     |                                     ^^
[INFO] [stdout] 
[INFO] [stdout] 
[INFO] [stdout] error: aborting due to 5 previous errors
[INFO] [stdout] 
[INFO] [stdout] 
[INFO] [stdout] Some errors have detailed explanations: E0061, E0554, E0557.
[INFO] [stdout] 
[INFO] [stdout] For more information about an error, try `rustc --explain E0061`.
[INFO] [stdout] 
[INFO] [stderr] error: could not compile `osaka`.
[INFO] [stderr] 
[INFO] [stderr] To learn more, run the command again with --verbose.
[INFO] [stderr] warning: build failed, waiting for other jobs to finish...
[INFO] [stderr] error: build failed
[INFO] running `Command { std: "docker" "inspect" "10b944c45e813c31027b08f2fde74c273e9a45a85740bbbbfcc9cddcfc947b95", kill_on_drop: false }`
[INFO] running `Command { std: "docker" "rm" "-f" "10b944c45e813c31027b08f2fde74c273e9a45a85740bbbbfcc9cddcfc947b95", kill_on_drop: false }`
[INFO] [stdout] 10b944c45e813c31027b08f2fde74c273e9a45a85740bbbbfcc9cddcfc947b95
